 is -131113 + 21213?
-103300
In base 10, what is -204 - 1883?
-2087
In base 10, what is 22 + 5203?
5225
In base 11, what is 21 - 3536?
-3515
In base 7, what is -12436 + -12?
-12451
In base 5, what is -1222332 - 3?
-1222340
In base 10, what is -4 - -6412?
6408
In base 3, what is -1100 + 2221101?
2220001
In base 10, what is -1247 - -6?
-1241
In base 5, what is -121122 + -3?
-121130
In base 12, what is 2b - 2037a?
-2034b
In base 9, what is 177 + 161?
348
In base 5, what is -413403 - 3?
-413411
In base 14, what is -770dc + -9?
-77107
In base 7, what is 3304153 - -4?
3304160
In base 7, what is -5131100 - 0?
-5131100
In base 9, what is -17 - 116004?
-116022
In base 11, what is -26 + -16a9?
-1724
In base 2, what is 1011110100110 - -100101?
1011111001011
In base 15, what is 2 - ad9d?
-ad9b
In base 13, what is -3 + -6a814?
-6a817
In base 5, what is -41 - -123102?
123011
In base 4, what is 20 + -330232?
-330212
In base 7, what is -11 - 146135?
-146146
In base 10, what is -3 - 3286?
-3289
In base 10, what is -12090 + -6?
-12096
In base 15, what is 16c32 - -3?
16c35
In base 2, what is -10 + 10100010110010110?
10100010110010100
In base 8, what is 6131 + -77?
6032
In base 10, what is -3741 + -14?
-3755
In base 4, what is 1100130 - -133?
1100323
In base 8, what is -4 - 33742?
-33746
In base 3, what is -2111220220 + 11?
-2111220202
In base 14, what is -3 - -1d2?
1cd
In base 2, what is 10011000000010 - 1001?
10010111111001
In base 12, what is 1a03417 + 5?
1a03420
In base 11, what is -139 + -204?
-342
In base 2, what is 11 + 11100001001110?
11100001010001
In base 14, what is 3b9ca - -1?
3b9cb
In base 13, what is 22 - 8612?
-85c0
In base 11, what is -820 - 616?
-1336
In base 2, what is -1000011010011010 - -10?
-1000011010011000
In base 5, what is -20412 + -311?
-21223
In base 11, what is 0 + 2aa89a?
2aa89a
In base 12, what is -451 - 102?
-553
In base 8, what is -3 + 243154?
243151
In base 3, what is 111 + -22021?
-21210
In base 4, what is 10133233 - 30?
10133203
In base 2, what is -1 - -10100011101100?
10100011101011
In base 12, what is -6715b3 + -1?
-6715b4
In base 15, what is 61 + 1d93?
1e04
In base 5, what is 1214 - 300?
414
In base 3, what is -100011102 + 211?
-100010121
In base 5, what is -1214430340 - 4?
-1214430344
In base 7, what is -43 + -30532?
-30605
In base 15, what is 1054 - -572?
15c6
In base 13, what is 690 + 1c5?
885
In base 13, what is 5 + 1369b3?
1369b8
In base 15, what is 3c + -2a03?
-29b6
In base 7, what is 362150 - -32?
362212
In base 13, what is -1a81 - -16?
-1a68
In base 3, what is -10011100002210 + 0?
-10011100002210
In base 15, what is 12a3 - -1a?
12bd
In base 7, what is 4 + 60343?
60350
In base 5, what is 43030 - 333?
42142
In base 12, what is 11 - -1985?
1996
In base 10, what is -104 + -144?
-248
In base 12, what is -16 - -1499?
1483
In base 9, what is -5 + 370464?
370458
In base 7, what is 5506 - -125?
5634
In base 12, what is 209 + b4?
301
In base 11, what is -1361 - 7a?
-1430
In base 14, what is 6b49 - -2?
6b4b
In base 15, what is -2 - 10e90?
-10e92
In base 9, what is 11 - 70763?
-70752
In base 5, what is -3114433 - 1?
-3114434
In base 4, what is -22 + 30001?
23313
In base 5, what is -1132100 + -13?
-1132113
In base 7, what is -135460 - -6?
-135451
In base 4, what is -1133 + -21013?
-22212
In base 3, what is 12 + -1220101101?
-1220101012
In base 12, what is -1 - 61a4a?
-61a4b
In base 11, what is 5 - 49952?
-49948
In base 13, what is -439 - 659?
-a95
In base 9, what is 1 + -812167?
-812166
In base 9, what is 1 - 355773?
-355772
In base 13, what is -57 - 276?
-300
In base 5, what is -11 - -122224?
122213
In base 13, what is 1256 - -4?
125a
In base 2, what is -101000110010 - -100110101?
-100011111101
In base 3, what is -1201021 - -2122110?
221012
In base 16, what is 1c9e + -5?
1c99
In base 14, what is -a5 - -68?
-3b
In base 12, what is -4 + 1a9b7?
1a9b3
In base 3, what is -112 + -101112102?
-101112221
In base 14, what is -4 - -43657?
43653
In base 3, what is 11001200 - 20?
11001110
In base 9, what is 6 - -242?
248
In base 4, what is -1120010 + -12023?
-1132033
In base 13, what is -23 - 5b28?
-5b4b
In base 11, what is -329776 - -5?
-329771
In base 6, what is -3032 + 120?
-2512
In base 6, what is 140253 - -24?
140321
In base 10, what is -80112 + 43?
-80069
In base 15, what is 5 + ac?
b2
In base 14, what is 894 + 50?
904
In base 4, what is 11 + -1112121?
-1112110
In base 10, what is 61 - 1934?
-1873
In base 9, what is 30 + 14855?
14885
In base 5, what is -2 + -14221041?
-14221043
In base 7, what is 4001 - -563?
4564
In base 5, what is 4322 + 213?
10040
In base 11, what is -321 + 6964?
6643
In base 11, what is 194451 - -4?
194455
In base 6, what is -1111532 - -1?
-1111531
In base 8, what is -230 - -2555?
2325
In base 16, what is -2df - 19?
-2f8
In base 9, what is -156 - 478?
-645
In base 11, what is 108 - -416?
523
In base 13, what is -15132 - 2?
-15134
In base 16, what is 1f17d - 4?
1f179
In base 13, what is -80 + 28a?
20a
In base 8, what is -11 - 1732202?
-1732213
In base 5, what is 3403001 - -31?
3403032
In base 5, what is 13 + -331042?
-331024
In base 8, what is -2 - 24533?
-24535
In base 7, what is -6355 - 54?
-6442
In base 12, what is -1 - 114ab?
-114b0
In base 8, what is -666 + 51601?
50713
In base 10, what is -4 - 14977?
-14981
In base 11, what is -5 - -311515?
311510
In base 4, what is -12 - 302220211?
-302220223
In base 15, what is -9ecdb - 1?
-9ecdc
In base 11, what is 0 + 2881a?
2881a
In base 12, what is 0 - -105731?
105731
In base 2, what is -110100001000101010 + -100?
-110100001000101110
In base 7, what is -11001 - 351?
-11352
In base 14, what is 3d2b + 0?
3d2b
In base 3, what is 101 + 120100?
120201
In base 14, what is -607 - -1?
-606
In base 3, what is 2001 - 1020201?
-1011200
In base 8, what is -33232077 + -4?
-33232103
In base 11, what is -1470 - -487?
-a94
In base 13, what is -5 + -a970b?
-a9713
In base 10, what is 11 - 741?
-730
In base 6, what is 2 + -253331?
-253325
In base 4, what is -3131 + -2302?
-12033
In base 10, what is -1 - -20750?
20749
In base 13, what is 0 + -8493c?
-8493c
In base 10, what is 4979 - -7?
4986
In base 12, what is a + 96a7?
96b5
In base 16, what is 26cf + -3?
26cc
In base 8, what is 71121 + -3?
71116
In base 16, what is -35a - 133?
-48d
In base 15, what is c9c1 + -9?
c9b7
In base 8, what is -5704 + -116?
-6022
In base 8, what is 3 - 142223?
-142220
In base 5, what is -432224 + -1334?
-434113
In base 16, what is a + 9cb5?
9cbf
In base 15, what is -1ed8d0 + -2?
-1ed8d2
In base 12, what is 2 - -242?
244
In base 8, what is 0 + -2336570?
-2336570
In base 13, what is -c5 + -26?
-11b
In base 15, what is -59 + 2e40?
2dd6
In base 5, what is -321 - -1023?
202
In base 6, what is 105 + -3321?
-3212
In base 4, what is 1 - 20320323?
-20320322
In base 3, what is 12020002 - -200?
12020202
In base 4, what is 3213003 - 0?
3213003
In base 5, what is 12 - 20242?
-20230
In base 14, what is -22258 - -4?
-22254
In base 14, what is -4bc - -d1a?
83c
In base 5, what is 12214144 + -2?
12214142
In base 3, what is 1122200 + -1111?
1121012
In base 3, what is 21 - 11000202?
-11000111
In base 15, what is -8d + -5752?
-57e0
In base 3, what is -2101010 + 10?
-2101000
In base 13, what is 3 + -962b?
-9628
In base 15, what is -48 + 6c62?
6c19
In base 9, what is 72168 + -2?
72166
In base 4, what is -12033123 + -33?
-12033222
In base 15, what is 2271 - 3?
226d
In base 5, what is 2243003 - -2?
2243010
In base 8, what is -335216 - -27?
-335167
In base 9, what is -141 - 2520?
-2661
In base 12, what is -3 - 10050b?
-100512
In base 9, what is 131715 + 1?
131716
In base 2, what is 1100100110110000110 + 1?
1100100110110000111
In base 12, what is -74ab8 + -4?
-74b00
In base 3, what is 21 + 120020021020?
120020021111
In base 3, what is 221101 - 20?
221011
In base 14, what is -45186 - -4?
-45182
In base 12, what is -428b9 + -1?
-428ba
In base 13, what is -2593 - -1?
-2592
In base 13, what is -2b + 45313?
452b5
In base 12, what is 5 + -5823?
-581a
In base 4, what is -1113 + 1000?
-113
In base 6, what is -522500 + -420?
-523320
In base 9, what is -102477 + -7?
-102485
In base 8, what is -3 + 62621?
62616
In base 3, what is 220 - 1021222?
-1021002
In base 8, what is -154 - 4115?
-4271
In base 3, what is 1021112200 - -1111?
1021121011
In bas